etermine u(-1).
-14
Let u(m) = -m**3 - m**2 - 7*m + 17. What is u(0)?
17
Let u(h) = h**3 - 3*h**2 - h - 5. Determine u(3).
-8
Let z(y) = y**3 + 5*y**2 - 6*y + 10. Give z(-6).
10
Let r(n) = -n**3 - 23*n**2 + 54*n + 97. Determine r(-25).
-3
Let u(k) = -k**3 + 23*k**2 + 25*k - 12. Calculate u(24).
12
Let s(t) = -t**3 - 9*t**2 + 3*t + 9. Give s(-9).
-18
Let h(d) = d**3 + 5*d**2 + d. What is h(-5)?
-5
Let s(a) = a**2 + 7*a + 8. Give s(-6).
2
Let f(r) = -r - 13. Determine f(-6).
-7
Let l(s) = -s**2 + 14*s - 4. Give l(12).
20
Let k(x) = x**2 - 4*x + 1. Give k(8).
33
Let d(p) = -p**3 - 7*p**2 + 7*p - 10. What is d(-8)?
-2
Let z(u) = 17*u - 41. What is z(6)?
61
Let p(b) = b**2 + 7*b - 6. Determine p(-8).
2
Let d(g) = g**3 + 6*g**2 - 16*g - 11. Calculate d(-8).
-11
Let q(r) = -r**2 - 3*r. Calculate q(-3).
0
Let k(y) = 27*y + 150. Determine k(-4).
42
Let t(a) = -a + 30. Determine t(0).
30
Let i(j) = -4*j**2 - 28*j + 15. Give i(-8).
-17
Let n(d) = d**2 - 10*d - 29. Calculate n(10).
-29
Let a(s) = -s**2 + 18*s - 9. Give a(15).
36
Let i(r) = 142*r + 989. Calculate i(-7).
-5
Let l(n) = -2*n**2 + 21*n - 2. Determine l(8).
38
Let y(h) = -h - 2. Calculate y(-9).
7
Let w(v) = 6*v - 15. Calculate w(10).
45
Let v(b) = -b**3 - 13*b**2 + 16*b - 19. What is v(-14)?
-47
Let k(c) = -19*c + 194. Calculate k(10).
4
Let y(j) = -2*j**3 + 2*j**2 + 8*j - 22. Give y(2).
-14
Let o(s) = -2*s**2 - 38*s - 36. Determine o(-18).
0
Let m(d) = 2*d**3 - 5*d**2 - 3*d - 4. Give m(5).
106
Let o(w) = -w**2 + 3*w + 2. Give o(-2).
-8
Let p(o) = 8*o + 5. Give p(5).
45
Let y(i) = 2*i - 28. Determine y(6).
-16
Let x(o) = -70*o - 82. Determine x(-1).
-12
Let y(c) = -c**2 - 9*c + 3. Give y(-8).
11
Let p(y) = 13*y + 9. Give p(2).
35
Let h(m) = -2*m**2 - 41*m - 27. Give h(-20).
-7
Let i(f) = -f**2 - 1. Determine i(2).
-5
Let b(q) = -16*q - 1. Determine b(1).
-17
Let b(d) = -5*d + 48. What is b(12)?
-12
Let l(x) = 2*x - 22. What is l(12)?
2
Let a(i) = i**2 - 3*i - 4. Calculate a(4).
0
Let p(y) = -6*y**2 + 4*y + 9. What is p(5)?
-121
Let n(c) = -c**2 - 3*c + 16. What is n(-5)?
6
Let l(p) = 42*p + 664. What is l(-16)?
-8
Let d(f) = 22*f + 31. Calculate d(3).
97
Let i(q) = -2*q**3 - 10*q**2 - 6*q - 41. Calculate i(-5).
-11
Let o(a) = 7*a - 94. Calculate o(13).
-3
Let k(p) = -p**3 + 9*p**2 - 15*p + 10. What is k(7)?
3
Let i(k) = k**3 + 7*k**2 - 10*k - 6. Give i(-8).
10
Let q(h) = h**3 - h**2 - 4*h + 2. Calculate q(-3).
-22
Let r(q) = q**3 + 3*q**2 - 13*q - 20. Give r(-5).
-5
Let p(h) = -h**3 - 5*h**2 + 2*h + 29. What is p(-5)?
19
Let h(d) = 38*d - 1817. Give h(48).
7
Let r(d) = 3*d - 23. What is r(8)?
1
Let u(t) = -t**3 - 2*t. What is u(3)?
-33
Let c(g) = -19*g**3 + 4*g**2 + 4*g + 2. Give c(-2).
162
Let l(k) = -k**3 + 3*k**2 + 10*k. What is l(5)?
0
Let r(y) = -y + 7. What is r(-5)?
12
Let n(k) = -11*k + 177. What is n(16)?
1
Let d(u) = 11*u**2 + 8*u - 10. Determine d(1).
9
Let m(z) = 13*z + 43. Calculate m(-3).
4
Let r(h) = -h**3 + 43*h**2 - 83*h + 47. Determine r(41).
6
Let g(y) = -y**2 - 5*y - 3. Determine g(-4).
1
Let f(u) = -u**2 - 6*u + 23. Give f(-9).
-4
Let c(j) = j**2 - 17*j + 1. Give c(12).
-59
Let z(n) = -3*n - 2. Calculate z(2).
-8
Let u(a) = a**3 + 9*a**2 + 13*a + 11. Calculate u(-7).
18
Let h(u) = 10*u - 7. Calculate h(1).
3
Let f(p) = 2*p**2 - 10*p + 3. Determine f(6).
15
Let r(o) = -3*o + 14. Calculate r(9).
-13
Let c(a) = a**3 + 7*a**2 + 7*a + 1. Calculate c(-5).
16
Let a(q) = -q - 34. What is a(-33)?
-1
Let g(p) = 6*p + 38. What is g(-6)?
2
Let p(k) = -k**2 + k + 87. What is p(-10)?
-23
Let l(v) = -9*v - 97. Calculate l(-23).
110
Let w(o) = o**3 - o**2 - 11*o - 6. Calculate w(-3).
-9
Let k(m) = -8*m + 19. Determine k(3).
-5
Let s(o) = 7*o**2 - 61*o - 14. Calculate s(9).
4
Let u(g) = 62*g - 1055. Calculate u(17).
-1
Let r(k) = -k**2 - 14*k + 13. Determine r(-12).
37
Let h(z) = 6*z + 30. Give h(-5).
0
Let w(p) = -p**2 + 4*p + 20. What is w(6)?
8
Let k(p) = 4*p**2 - p + 1. What is k(1)?
4
Let q(s) = s**3 - 7*s**2 + 9*s - 11. Calculate q(7).
52
Let x(q) = -q**3 - 3*q - 48. Give x(0).
-48
Let v(r) = -r**3 - 20*r**2 - 21*r - 2. Give v(-19).
36
Let p(v) = -v - 20. What is p(9)?
-29
Let r(p) = -8*p - 12. Determine r(-4).
20
Let q(f) = 2*f**3 - f**2 + 2*f + 2. What is q(-2)?
-22
Let s(x) = 8*x + 83. Determine s(-9).
11
Let c(z) = -4*z**3 - z**2 - 18*z - 6. What is c(0)?
-6
Let h(d) = -3*d**2 - 22*d - 22. What is h(-6)?
2
Let n(h) = 23*h + 83. Determine n(-3).
14
Let q(a) = -a**2 + 31*a - 35. Determine q(30).
-5
Let b(u) = 2*u**3 + 24*u**2 - 10. Determine b(-12).
-10
Let q(d) = 14*d - 29. Calculate q(2).
-1
Let l(r) = -r + 19. What is l(12)?
7
Let n(z) = -18*z**2 - 53*z + 3. What is n(-3)?
0
Let l(x) = x**3 - 10*x**2 + 20*x + 13. Calculate l(6).
-11
Let r(p) = -p**2 + 14*p + 250. What is r(25)?
-25
Let a(r) = -r**3 + 2*r**2 - 7*r + 8. Calculate a(2).
-6
Let h(u) = u**3 - 18*u**2 - u + 14. Determine h(18).
-4
Let y(t) = 16*t - 60. Give y(10).
100
Let v(y) = -2*y**3 + 5*y**2 - 4*y. Calculate v(5).
-145
Let b(m) = m**3 + 30*m**2 + 28*m - 58. What is b(-29)?
-29
Let u(y) = y - 40. What is u(33)?
-7
Let p(s) = 2*s + 23. Calculate p(10).
43
Let z(h) = -h**3 + 9*h**2 + 6*h - 15. Calculate z(9).
39
Let l(y) = -10*y + 6. What is l(-8)?
86
Let c(w) = -w**2 - 7*w + 34. What is c(4)?
-10
Let m(l) = l**3 - 8*l**2 + 7. Give m(8).
7
Let j(r) = r**2 - 2. What is j(5)?
23
Let c(p) = -p**3 + 4*p**2 - 4*p + 3. Determine c(2).
3
Let v(m) = m**2 - 12*m + 32. Determine v(4).
0
Let p(a) = -2*a**3 - 18*a**2 - 4*a. What is p(-8)?
-96
Let s(r) = 2*r**2 - 3*r - 2. Determine s(-1).
3
Let m(l) = 8*l - 27. What is m(5)?
13
Let v(z) = 3*z - 11. Calculate v(-6).
-29
Let a(r) = -10*r + 10. Determine a(-3).
40
Let r(l) = 14*l**3 + 1. Determine r(1).
15
Let w(a) = a**3 + 16*a**2 + 15*a + 3. Calculate w(-15).
3
Let i(g) = g**3 - 13*g**2 - 20*g + 8. What is i(14)?
-76
Let w(u) = -7*u**2 - 3*u - 4. Give w(-2).
-26
Let h(g) = 5*g + 4. Determine h(-2).
-6
Let r(b) = b**2 - 11*b - 8. What is r(11)?
-8
Let r(b) = -b**2 + 29*b - 54. What is r(27)?
0
Let b(v) = v**3 + v - 12. Determine b(0).
-12
Let g(a) = a**3 + 36*a**2 + 35*a. What is g(-35)?
0
Let v(z) = -z**3 - z + 3. Determine v(-2).
13
Let n(o) = o - 3. Determine n(3).
0
Let y(w) = -3*w + 71. Calculate y(21).
8
Let d(s) = -s**3 - 4*s**2 + 7. What is d(-3)?
-2
Let o(c) = -c**3 - 5*c**2 - 3*c + 6. Calculate o(-5).
21
Let p(l) = -l**3 - 6*l**2 + 6*l + 1. What is p(-7)?
8
Let p(f) = f**3 + 14*f**2 + 11*f + 8. What is p(-13)?
34
Let b(t) = 2*t + 20. What is b(-15)?
-10
Let y(w) = w**3 - w**2 - 5*w - 2. What is y(-2)?
-4
Let r(d) = -10*d + 1. Calculate r(-1).
11
Let d(c) = -15*c - 20. Calculate d(-3).
25
Let i(o) = o**3 - 13*o**2 - 14*o + 7. Determine i(14).
7
Let m(i) = -4*i + 135. Determine m(34).
-1
Let v(f) = 15*f + 20. Determine v(-2).
-10
Let b(x) = -22*x + 6. What is b(-3)?
72
Let c(k) = -6*k + 3. Give c(4).
-21
Let y(n) = n**3 + 14*n**2 + 11*n - 26. Give y(-13).
0
Let a(w) = -w**3 + 5*w**2 - 2*w + 10. What is a(5)?
0
Let p(g) = -g**3 + g**2 + 10*g. Give p(-3).
6
Let i(o) = o**3 - 9*o**2 + o - 13. Determine i(9).
-4
Let d(j) = 2*j**2 + 15*j - 9. What is d(-14)?
173
Let k(d) = -9*d + 2. Determine k(-1).
11
Let j(i) = -2*i + 13. Determine j(2).
9
Let s(a) = -2*a**3 + 11*a**2 - 16*a - 1. Determine s(4).
-17
Let n(k) = k**2 + 10*k + 3. Give n(-9).
-6
Let i(u) = 6*u - 65. What is i(7)?
-23
Let k(h) = h**2 - 17*h - 2. Give k(17).
-2
Let y(k) = -2*k + 10. Calculate y(4).
2
Let f(c) = -c**2 + 26*c + 149. Determine f(31).
-6
Let p(h) = 17*h - 321. What is p(21)?
36
Let t(x) = x**2 + 8*x + 10. What is t(-7)?
3
Let t(d) = 6*d + 45. What is t(-8)?
-3
Let i(y) = -4*y + 64. Determine i(17).
-4
Let u(c) = 28*c + 186. Determine u(-7).
-10
Let l(k) = -2*k**2 - 26*k - 5. Calculate l(-14).
-33
Let m(y) = y**2 + 13*y - 30. Determine m(-15).
0
Let a(p) = -p**3 + 6*p**2 - 3*p - 2. Calculate a(4).
18
Let q(v) = -5*v**2 - 53*v + 23. Determine q(-11).
1
Let i(q) = q**2 - 5*q - 5. Calculate i(5).
-5
Let z(s) = s**2 + 16*s + 47. Calculate z(-6).
-13
Let n(j) = -j**2 + j + 5. Calculate n(5).
-15
Let a(d) = d**3 + 11*d**2 + 4*d + 39. Calculate a(-11).
-5
Let b(s) = s**3 - 4*s**2 - 6*s - 6. Calculate b(6).
30
Let o(x) = -2*x + 3. Calculate o(2).
-1
Let g(q) = -10*q + 16. Determine g(2).
-4
Let b(x) = -x + 